392 is divided by 4432?
96
Calculate the remainder when 51522 is divided by 12880.
2
What is the remainder when 8578 is divided by 856?
18
What is the remainder when 72707 is divided by 221?
219
Calculate the remainder when 26125 is divided by 93.
85
Calculate the remainder when 3275 is divided by 113.
111
What is the remainder when 4314 is divided by 133?
58
What is the remainder when 318477 is divided by 1830?
57
What is the remainder when 722 is divided by 210?
92
Calculate the remainder when 9381 is divided by 2219.
505
What is the remainder when 3370 is divided by 1122?
4
What is the remainder when 3411 is divided by 188?
27
Calculate the remainder when 117956 is divided by 771.
764
What is the remainder when 367608 is divided by 122525?
33
What is the remainder when 5115 is divided by 128?
123
Calculate the remainder when 7061 is divided by 66.
65
What is the remainder when 2343 is divided by 2309?
34
What is the remainder when 223979 is divided by 377?
41
Calculate the remainder when 294 is divided by 95.
9
What is the remainder when 3116 is divided by 3043?
73
What is the remainder when 19228 is divided by 2399?
36
Calculate the remainder when 33622 is divided by 24.
22
Calculate the remainder when 23012 is divided by 129.
50
What is the remainder when 40116 is divided by 85?
81
Calculate the remainder when 86095 is divided by 28698.
1
What is the remainder when 33665 is divided by 80?
65
Calculate the remainder when 28612 is divided by 10.
2
Calculate the remainder when 2124 is divided by 1909.
215
Calculate the remainder when 169098 is divided by 19.
17
Calculate the remainder when 8256 is divided by 1083.
675
Calculate the remainder when 39199 is divided by 19564.
71
Calculate the remainder when 6017 is divided by 353.
16
What is the remainder when 9544 is divided by 2324?
248
What is the remainder when 8986 is divided by 13?
3
Calculate the remainder when 53385 is divided by 17792.
9
What is the remainder when 1496 is divided by 314?
240
What is the remainder when 117429 is divided by 29357?
1
What is the remainder when 4488829 is divided by 13?
7
Calculate the remainder when 2287780 is divided by 469.
467
What is the remainder when 1555201 is divided by 42?
25
What is the remainder when 5996 is divided by 856?
4
Calculate the remainder when 1771 is divided by 136.
3
What is the remainder when 60758 is divided by 155?
153
What is the remainder when 93994 is divided by 94?
88
What is the remainder when 160014 is divided by 19990?
94
What is the remainder when 218 is divided by 99?
20
Calculate the remainder when 5332 is divided by 491.
422
Calculate the remainder when 5343 is divided by 359.
317
What is the remainder when 2917163 is divided by 486193?
5
Calculate the remainder when 142970 is divided by 35739.
14
What is the remainder when 471 is divided by 21?
9
Calculate the remainder when 9668 is divided by 13.
9
Calculate the remainder when 1091 is divided by 268.
19
Calculate the remainder when 14996 is divided by 4.
0
Calculate the remainder when 21866 is divided by 90.
86
Calculate the remainder when 1348093 is divided by 14.
5
What is the remainder when 30940 is divided by 6188?
0
Calculate the remainder when 8254 is divided by 133.
8
What is the remainder when 46743 is divided by 98?
95
Calculate the remainder when 6052 is divided by 115.
72
Calculate the remainder when 2429121 is divided by 25.
21
Calculate the remainder when 600 is divided by 529.
71
What is the remainder when 1479 is divided by 149?
138
What is the remainder when 1410 is divided by 204?
186
Calculate the remainder when 5002 is divided by 55.
52
What is the remainder when 4775 is divided by 312?
95
What is the remainder when 66872 is divided by 22275?
47
What is the remainder when 13232 is divided by 205?
112
What is the remainder when 43404 is divided by 477?
474
Calculate the remainder when 4243 is divided by 7.
1
What is the remainder when 420514 is divided by 139?
39
Calculate the remainder when 515567 is divided by 8.
7
Calculate the remainder when 76915 is divided by 1282.
1277
What is the remainder when 3783 is divided by 3482?
301
Calculate the remainder when 1308302 is divided by 69.
62
What is the remainder when 4571 is divided by 9?
8
Calculate the remainder when 19428 is divided by 49.
24
What is the remainder when 13835 is divided by 71?
61
What is the remainder when 5952 is divided by 36?
12
What is the remainder when 6495 is divided by 10?
5
Calculate the remainder when 10368 is divided by 1456.
176
What is the remainder when 24297 is divided by 49?
42
What is the remainder when 28531 is divided by 26?
9
What is the remainder when 1622 is divided by 201?
14
What is the remainder when 540 is divided by 183?
174
What is the remainder when 12736 is divided by 4137?
325
What is the remainder when 23710 is divided by 2614?
184
What is the remainder when 16374 is divided by 117?
111
What is the remainder when 189421 is divided by 284?
277
What is the remainder when 17332 is divided by 17254?
78
Calculate the remainder when 3033 is divided by 5.
3
What is the remainder when 7985 is divided by 888?
881
What is the remainder when 221070 is divided by 43?
7
What is the remainder when 64794 is divided by 21584?
42
What is the remainder when 1127051 is divided by 1009?
1007
What is the remainder when 1975 is divided by 11?
6
What is the remainder when 168308 is divided by 143?
140
Calculate the remainder when 13926 is divided by 4603.
117
What is the remainder when 8970 is divided by 24?
18
Calculate the remainder when 63158 is divided by 198.
194
Calculate the remainder when 6115 is divided by 360.
355
Calculate the remainder when 312 is divided by 268.
44
Calculate the remainder when 50151 is divided by 8.
7
What is the remainder when 7425 is divided by 51?
30
Calculate the remainder when 856 is divided by 317.
222
What is the remainder when 29633 is divided by 39?
32
What is the remainder when 591875 is divided by 123?
122
What is the remainder when 12802 is divided by 2559?
7
Calculate the remainder when 64143 is divided by 64132.
11
Calculate the remainder when 15649 is divided by 101.
95
What is the remainder when 38268 is divided by 7?
6
Calculate the remainder when 402564 is divided by 134180.
24
What is the remainder when 172698 is divided by 22?
20
What is the remainder when 26728 is divided by 21?
16
Calculate the remainder when 1137 is divided by 8.
1
What is the remainder when 35790 is divided by 90?
60
Calculate the remainder when 125670 is divided by 17950.
20
Calculate the remainder when 250416 is divided by 190.
186
What is the remainder when 122486 is divided by 15?
11
What is the remainder when 502 is divided by 299?
203
Calculate the remainder when 1034 is divided by 341.
11
What is the remainder when 43691 is divided by 179?
15
What is the remainder when 266723 is divided by 14?
9
Calculate the remainder when 6836 is divided by 457.
438
Calculate the remainder when 423388 is divided by 45.
28
Calculate the remainder when 2886497 is divided by 250.
247
What is the remainder when 18479 is divided by 154?
153
Calculate the remainder when 6470398 is divided by 13.
12
Calculate the remainder when 84127 is divided by 38.
33
What is the remainder when 57701 is divided by 2059?
49
What is the remainder when 193858 is divided by 54?
52
What is the remainder when 1514848 is divided by 71?
63
What is the remainder when 12454 is divided by 4137?
43
Calculate the remainder when 1306 is divided by 204.
82
What is the remainder when 435077 is divided by 365?
362
What is the remainder when 11170 is divided by 14?
12
Calculate the remainder when 1474 is divided by 178.
50
What is the remainder when 1698 is divided by 1349?
349
Calculate the remainder when 15 is divided by 15.
0
What is the remainder when 13661 is divided by 53?
40
Calculate the remainder when 5506 is divided by 3.
1
What is the remainder when 3494613 is divided by 696?
693
What is the remainder when 1586 is divided by 234?
182
What is the remainder when 38932 is divided by 17?
2
Calculate the remainder when 26272 is divided by 174.
172
Calculate the remainder when 5670 is divided by 52.
2
Calculate the remainder when 870297 is divided by 15.
12
What is the remainder when 1387 i